- 206*o - 9. Calculate a(26).
43
Let g(c) = 826*c + 9724. Determine g(-12).
-188
Let n(r) = r**3 + 9*r**2 - 4*r + 73. What is n(-10)?
13
Let l(k) = k**2 - 28*k - 40. What is l(38)?
340
Let r(g) = -8*g**2 + 2181*g + 9702. Give r(277).
7
Let n(t) = -609*t - 583. What is n(-1)?
26
Let h(r) = 3*r**2 + 6*r - 33. Calculate h(-4).
-9
Let h(u) = -2*u**2 + 23*u - 45. Give h(9).
0
Let r(c) = -2*c**3 - 71*c**2 - 98*c + 154. What is r(-34)?
18
Let j(q) = 77*q**2 - 4236*q + 63. Give j(55).
8
Let f(j) = 27*j + 534. What is f(-20)?
-6
Let h(a) = a**3 - 4*a**2 - 3*a + 7. Determine h(2).
-7
Let l(g) = -g**3 + 26*g**2 + 37*g - 258. Determine l(27).
12
Let z(j) = j**3 + 41*j**2 + 69*j - 353. Determine z(-39).
-2
Let i(g) = -g**3 + 35*g**2 + 9*g + 735. What is i(36)?
-237
Let l(h) = -3*h**2 + 23*h + 21. Give l(-4).
-119
Let b(n) = -n**2 - 1274*n - 29997. Calculate b(-24).
3
Let m(o) = o**3 + 6*o**2 + 20*o + 15. Give m(-1).
0
Let o(j) = -9422*j + 37691. Calculate o(4).
3
Let l(c) = 141*c - 2693. Calculate l(19).
-14
Let a(r) = -58*r + 131. Determine a(2).
15
Let b(v) = -v**2 - 152*v - 2194. Calculate b(-136).
-18
Let c(t) = 4349*t + 26081. What is c(-6)?
-13
Let q(c) = 227*c - 149. Determine q(-1).
-376
Let p(y) = -13*y**2 + 14*y + 7. Calculate p(8).
-713
Let s(n) = -79*n + 10428. Determine s(132).
0
Let o(u) = 5*u**2 - 2*u - 5. Give o(4).
67
Let o(p) = -p**2 - 1431*p - 248252. Calculate o(-202).
6
Let m(o) = -3*o**3 + 2*o**2 + 7*o - 20. Give m(4).
-152
Let d(s) = -45*s + 1154. Give d(26).
-16
Let t(j) = j**3 - 31*j**2 - 175*j + 2. Calculate t(-5).
-23
Let v(l) = -6*l**2 - 191*l + 231. What is v(-33)?
0
Let r(n) = n**3 - 119*n**2 + 3302*n - 83. Give r(44).
5
Let g(v) = 4*v**3 - 2*v**2 - 38*v + 71. Give g(2).
19
Let w(o) = 2*o**2 + 177*o + 2342. Calculate w(-16).
22
Let z(d) = -52*d - 374. Calculate z(-6).
-62
Let s(j) = -j**3 - 35*j**2 - 33*j + 39. Calculate s(-34).
5
Let p(h) = h**3 - 12*h**2 - 122*h + 93. Determine p(-7).
16
Let l(r) = -16045*r - 32076. What is l(-2)?
14
Let x(i) = -i**2 + 296*i - 10404. What is x(41)?
51
Let s(i) = -3*i**2 - 141*i + 802. Give s(5).
22
Let y(i) = -5*i**2 - 369*i + 741. What is y(2)?
-17
Let t(a) = -2*a**3 + 17*a**2 - 5*a - 18. Give t(7).
94
Let c(j) = j**2 + 664*j + 10364. Calculate c(-16).
-4
Let u(p) = 44*p + 1428. Give u(-30).
108
Let n(c) = c**3 - 8*c**2 + 89*c - 354. Determine n(5).
16
Let x(j) = -58*j**2 + 44*j - 7. Determine x(1).
-21
Let b(q) = -q**3 + 19*q**2 + 49*q + 39. Give b(-2).
25
Let i(t) = -63*t - 1179. Determine i(-19).
18
Let y(v) = 2*v**2 - 13*v - 43. Determine y(-3).
14
Let s(x) = -2*x**3 + 7*x**2 - 14*x - 10. Calculate s(7).
-451
Let c(l) = -l**3 + 10*l**2 - 9*l - 2. Give c(7).
82
Let m(o) = 4*o**2 + 102*o - 43. Calculate m(-26).
9
Let s(n) = -3*n**2 + 112*n + 20. Give s(34).
360
Let n(j) = -j**3 + 589*j**2 + 1774*j - 2. What is n(-3)?
4
Let r(b) = -15*b**2 - 4*b - 10. What is r(4)?
-266
Let k(s) = s**3 + 21*s**2 - 129*s - 2. Give k(5).
3
Let j(n) = n**3 - 44*n**2 + 192*n + 13. Calculate j(5).
-2
Let z(i) = -9151*i - 73210. What is z(-8)?
-2
Let k(h) = 3*h**2 + 11*h - 42. What is k(3)?
18
Let u(z) = -61*z**2 + 1959*z - 215. Give u(32).
9
Let g(l) = -11730*l - 11720. Determine g(-1).
10
Let u(i) = -i**2 + 89*i + 2442. Determine u(110).
132
Let x(t) = -150*t - 2407. What is x(-16)?
-7
Let t(k) = -727*k - 2964. Calculate t(-4).
-56
Let s(a) = 19*a + 436. What is s(-14)?
170
Let z(b) = -b**2 - 62*b - 17. Determine z(0).
-17
Let d(b) = -11*b - 860. Calculate d(-80).
20
Let u(n) = -5*n**2 - 66*n + 65. Calculate u(1).
-6
Let a(i) = i**2 + 48*i - 547. Determine a(-55).
-162
Let d(q) = 3*q**2 + 19*q + 113. What is d(-6)?
107
Let g(a) = -a**3 + 16*a**2 - 50*a - 125. Give g(10).
-25
Let z(j) = 121*j**2 + 1081*j - 67. Determine z(-9).
5
Let i(o) = -o**3 - 37*o**2 + 96*o - 994. Give i(-40).
-34
Let c(k) = 3*k**3 - 3*k**2 - 21*k + 63. What is c(5)?
258
Let t(p) = -25*p - 473. Determine t(-29).
252
Let p(a) = -456*a + 4079. Calculate p(9).
-25
Let n(p) = 2*p**3 - 10*p**2 - 18*p + 98. Give n(8).
338
Let j(p) = -10*p + 364. Calculate j(34).
24
Let f(r) = -12*r + 396. What is f(37)?
-48
Let b(w) = -27*w**2 + 7*w + 14. What is b(-2)?
-108
Let j(y) = 2*y**3 + 442*y**2 - 1346*y - 440. What is j(-224)?
8
Let s(r) = 2*r**3 - 13*r**2 + 11*r - 119. What is s(7)?
7
Let b(z) = 2*z**2 - 65*z - 1364. Calculate b(-20).
736
Let m(k) = 14*k + 315. Calculate m(-17).
77
Let t(m) = -742*m + 8079. Give t(11).
-83
Let l(b) = -16*b - 131. Determine l(-9).
13
Let t(s) = -3*s**3 - 27*s**2 - 4*s - 27. What is t(-9)?
9
Let j(o) = o**2 + 23*o + 93. Calculate j(-6).
-9
Let x(a) = 91*a + 314. Calculate x(-5).
-141
Let i(o) = -o**3 + 21*o**2 - 61*o - 43. Calculate i(18).
-169
Let b(j) = j**3 - 24*j**2 - 24*j - 55. What is b(25)?
-30
Let x(o) = -5*o**2 - 1013*o + 417. Give x(-203).
11
Let i(t) = -21*t**3 - 421*t**2 - 19*t + 13. What is i(-20)?
-7
Let y(q) = 3*q**3 + 71*q**2 - 56*q - 69. Determine y(-25).
-1169
Let p(y) = 40*y**2 + 1274*y - 131. Give p(-32).
61
Let t(k) = -153*k - 1074. Give t(-7).
-3
Let b(s) = -6*s**3 - 106*s**2 + 13*s - 410. Give b(-18).
4
Let f(w) = -135*w - 247. What is f(-2)?
23
Let k(s) = -2*s**2 - 82*s - 55. Give k(-41).
-55
Let f(v) = -v**2 + 38*v + 1957. What is f(67)?
14
Let p(l) = l**3 + l**2 - 13*l + 348. Calculate p(-8).
4
Let c(u) = -10*u**3 + 8*u**2 - 2*u - 2. Determine c(1).
-6
Let f(n) = 4*n**3 - 465*n**2 + 115*n + 146. Determine f(116).
30
Let s(x) = x**3 - 9*x**2 - 119*x - 4. Calculate s(-7).
45
Let n(i) = 3*i**3 + 58*i**2 - 4*i - 15. What is n(-19)?
422
Let y(k) = 1634*k + 1468. What is y(-1)?
-166
Let f(b) = b**3 + 21*b**2 + 23*b + 66. What is f(-20)?
6
Let j(z) = -22*z + 11. Calculate j(22).
-473
Let w(t) = -17*t**3 - 17*t**2 + 25*t + 59. Calculate w(-2).
77
Let v(h) = -2*h**2 + 10*h + 15. Give v(6).
3
Let u(n) = -n**3 - 266*n**2 - 5589*n - 5. Calculate u(-243).
-5
Let f(j) = 2*j**2 - 51*j + 39. Determine f(21).
-150
Let y(j) = 64*j - 181. Calculate y(3).
11
Let b(q) = -q**2 - 103*q + 775. Give b(7).
5
Let k(s) = -1289*s + 5144. Calculate k(4).
-12
Let j(p) = p**2 - 39*p + 137. What is j(35)?
-3
Let y(q) = q**2 + 133*q - 2721. Give y(18).
-3
Let f(p) = -26*p - 825. Determine f(-32).
7
Let s(b) = -953*b + 10480. Calculate s(11).
-3
Let q(p) = 57*p**3 + p**2 - p. Calculate q(1).
57
Let u(p) = -p**3 + 25*p**2 + 114*p + 73. Determine u(29).
15
Let f(u) = 44*u - 90. Calculate f(-11).
-574
Let q(b) = -11*b**2 + 904*b + 14586. Calculate q(96).
-6
Let n(k) = -k**2 - 22*k + 560. What is n(-37)?
5
Let m(t) = t**3 + 12*t**2 + 10*t + 89. What is m(-10)?
189
Let b(c) = c**3 - 16*c**2 + 24*c + 138. Give b(13).
-57
Let n(g) = -3*g**2 + 84*g + 619. Calculate n(-6).
7
Let v(t) = t**3 - 5*t**2 - 15*t + 20. Determine v(4).
-56
Let f(r) = -r**3 - 23*r**2 - 98*r + 67. What is f(-17)?
-1
Let i(r) = 15*r - 154. Determine i(8).
-34
Let t(l) = 28*l - 561. Calculate t(29).
251
Let q(w) = -71*w**2 - 9*w - 11. Determine q(-2).
-277
Let n(h) = -h**3 + 8*h**2 + h - 101. Determine n(0).
-101
Let x(l) = l**3 - 27*l**2 - 64*l + 150. Give x(29).
-24
Let a(x) = -2*x**2 - 350*x + 349. What is a(1)?
-3
Let m(n) = -198*n + 3002. What is m(16)?
-166
Let f(b) = -b**2 + 2544*b - 82840. Give f(33).
23
Let z(q) = -q**2 + 30*q - 128. Give z(5).
-3
Let l(d) = 22*d**2 - 291*d + 61. Give l(13).
-4
Let w(a) = -15*a - 129. Determine w(-9).
6
Let p(a) = 5*a**2 + 227*a - 1621. Give p(7).
213
Let b(x) = 2*x**3 + 38*x**2 + 41*x - 5. Give b(-18).
-95
Let m(i) = 5*i**2 + 67*i + 7. Calculate m(-16).
215
Let x(b) = 150*b + 3131. Determine x(-21).
-19
Let v(t) = 15*t**2 + 7*t + 44. Give v(-4).
256
Let o(h) = 160*h + 1285. What is o(-8)?
5
Let o(y) = -y**3 - 112*y**2 + 1086*y - 367. Give o(-121).
-4
Let l(i) = 2*i**3 - 16*i**2 + 6*i + 119. Give l(6).
11
Let j(h) = 3*h**2 + 35*h - 38. Calculate j(-16).
170
Let q(n) = 2*n**2 + 71*n + 135. Give q(-2).
1
Let a(z) = 910*z - 4534. Give a(5).
16
Let v(p) = 12*p**3 + 4*p**2 - 10. What is v(2)?
102
Let g(p) = 62*p - 1326. Determine g(22).
38
Let a(z) = -z**3 - 12*z**2 - 9*z - 250. Determine a(-13).
36
Let c(w) = 11*w + 29. What is c(-10)?
-81
Let j(o) = -2*o**3 - 54*o**2 - 45*o + 180. What is j(-26)?
-2
Let d(t) = 13*t**2 - 24*t - 157. What is d(-5)?
288
Let a(x) = -8*x**3 - 6*x**2 - 7*x - 6. Give a(-3).
177
Let c(x) = x**3 + 